{"id":6613,"date":"2025-11-17T18:39:14","date_gmt":"2025-11-17T18:39:14","guid":{"rendered":"https:\/\/cosyart.pt\/?post_type=product&#038;p=6613"},"modified":"2026-03-09T21:57:41","modified_gmt":"2026-03-09T21:57:41","slug":"ambientador-mikado-aroma-madressilva-colecao-areia","status":"publish","type":"product","link":"https:\/\/cosyart.pt\/?product=ambientador-mikado-aroma-madressilva-colecao-areia","title":{"rendered":"Ambientador Mikado Aroma Madressilva \u2013 Cole\u00e7\u00e3o AREIA"},"content":{"rendered":"<p>Na cole\u00e7\u00e3o AREIA ir\u00e1 encontrar difusores de aromas em v\u00e1rios tamanhos e fragr\u00e2ncias, resultado de um casamento entre a transpar\u00eancia do vidro e a complexidade da cer\u00e2mica, com a imagina\u00e7\u00e3o do perfume.<br \/>\nO ambientador em sticks \u00e9 um produto simples, mas muito eficaz, n\u00e3o consome energia e pode ambientar um espa\u00e7o durante semanas. O seu perfume \u00e9 de base n\u00e3o alco\u00f3lica, o que garante uma evapora\u00e7\u00e3o lenta e um perfume duradouro. Gra\u00e7as aos pauzinhos de rattan, o aroma impregna o espa\u00e7o lentamente e com a intensidade que pretende.<br \/>\nD\u00ea um toque especial \u00e0 sua casa com o difusor de ambiente, que lhe permite personalizar qualquer divis\u00e3o da sua casa, com os seus aromas favoritos: algas, bagas brancas, flor de algod\u00e3o, flor de laranjeira, flores brancas, madressilva, mar, rosmaninho, verbena, cinsault ou sandalwood.<\/p>\n<p><strong>Sugest\u00f5es de uso:<\/strong><\/p>\n<p>\u2013 Coloca em um local com boa circula\u00e7\u00e3o de ar para que o perfume seja uniformemente distribu\u00eddo pelo espa\u00e7o.<br \/>\n\u2013 Gira as varetas para intensificar a fragr\u00e2ncia.<br \/>\n\u2013 Adiciona mais varetas para um aroma mais intenso.<\/p>\n<table class=\"woocommerce-product-attributes shop_attributes\" style=\"height: 447px;\" width=\"884\" aria-label=\"Product Details\">\n<tbody>\n<tr class=\"woocommerce-product-attributes-item woocommerce-product-attributes-item--weight\">\n<th class=\"woocommerce-product-attributes-item__label\" scope=\"row\">Peso<\/th>\n<td class=\"woocommerce-product-attributes-item__value\" data-o_content=\"n.d.\">0.210 kg<\/td>\n<\/tr>\n<tr class=\"woocommerce-product-attributes-item woocommerce-product-attributes-item--dimensions\">\n<th class=\"woocommerce-product-attributes-item__label\" scope=\"row\">Dimens\u00f5es (C x L x A)<\/th>\n<td class=\"woocommerce-product-attributes-item__value\" data-o_content=\"n.d.\">5 \u00d7 5 \u00d7 10 cm<\/td>\n<\/tr>\n<tr class=\"woocommerce-product-attributes-item woocommerce-product-attributes-item--attribute_pa_brand\">\n<th class=\"woocommerce-product-attributes-item__label\" scope=\"row\">Brand<\/th>\n<td class=\"woocommerce-product-attributes-item__value\">C\u00aa Atlantica<\/td>\n<\/tr>\n<tr class=\"woocommerce-product-attributes-item woocommerce-product-attributes-item--attribute_pa_dimensoes\">\n<th class=\"woocommerce-product-attributes-item__label\" scope=\"row\">Dimens\u00f5es<\/th>\n<td class=\"woocommerce-product-attributes-item__value\">5,7 x 5,7 x 8,5\/26cm | 100ml<\/td>\n<\/tr>\n<tr class=\"woocommerce-product-attributes-item woocommerce-product-attributes-item--attribute_pa_perfume\">\n<th class=\"woocommerce-product-attributes-item__label\" scope=\"row\">Perfume<\/th>\n<td class=\"woocommerce-product-attributes-item__value\"><a href=\"https:\/\/www.companhiaatlantica.pt\/perfume\/madressilva\" rel=\"tag\">Madressilva<\/a><\/td>\n<\/tr>\n<tr class=\"woocommerce-product-attributes-item woocommerce-product-attributes-item--attribute_pa_material\">\n<th class=\"woocommerce-product-attributes-item__label\" scope=\"row\">Material<\/th>\n<td class=\"woocommerce-product-attributes-item__value\">Bamboo<\/td>\n<\/tr>\n<tr class=\"woocommerce-product-attributes-item woocommerce-product-attributes-item--attribute_pa_quantidade\">\n<th class=\"woocommerce-product-attributes-item__label\" scope=\"row\">Quantidade<\/th>\n<td class=\"woocommerce-product-attributes-item__value\">1<\/td>\n<\/tr>\n<tr class=\"woocommerce-product-attributes-item woocommerce-product-attributes-item--attribute_dosagem\">\n<th class=\"woocommerce-product-attributes-item__label\" scope=\"row\">Dosagem<\/th>\n<td class=\"woocommerce-product-attributes-item__value\">100ml, 200ml<\/td>\n<\/tr>\n<\/tbody>\n<\/table>\n","protected":false},"excerpt":{"rendered":"<p>O difusor de ambiente Areia \u00e9 apresentado em garrafa de vidro de 100ml ou 200ml e cont\u00e9m cinco hastes de rattan.<\/p>\n<p>Notas olfativas do aroma Madressilva \u2013 Notas de sa\u00edda: Madressilva, G\u00e1lbano e Mel; Notas de corpo: Madressilva, L\u00edrio do vale e Solar; Notas de fundo: Flor de Laranjeira, Jasmim e Baunilha.<\/p>\n<p>Feito em Portugal.<\/p>\n<p><strong>100ml \u2013 DURA\u00c7\u00c3O FRAGR\u00c2NCIA ENTRE 6 A 8 SEMANAS<\/strong><\/p>\n<p><strong>200ml \u2013 DURA\u00c7\u00c3O FRAGR\u00c2NCIA ENTRE 14 A 16 SEMANAS<\/strong><\/p>\n","protected":false},"featured_media":6618,"comment_status":"open","ping_status":"open","template":"","meta":[],"product_brand":[],"product_cat":[52,319],"product_tag":[],"class_list":{"0":"post-6613","1":"product","2":"type-product","3":"status-publish","4":"has-post-thumbnail","6":"product_cat-fragancias","7":"product_cat-velas-e-difusores-de-aromas","8":"pa_dosagem-100ml","9":"pa_dosagem-200ml","11":"first","12":"instock","13":"featured","14":"taxable","15":"shipping-taxable","16":"purchasable","17":"product-type-variable"},"yoast_head":"<!-- This site is optimized with the Yoast SEO plugin v27.4 - https:\/\/yoast.com\/product\/yoast-seo-wordpress\/ -->\n<title>Ambientador Mikado Aroma Madressilva \u2013 Cole\u00e7\u00e3o AREIA - Cosyart Produ\u00e7\u00f5es e personaliza\u00e7\u00f5es, atelier de costura, vestu\u00e1rio, artesanato e boutique.<\/title>\n<meta name=\"robots\" content=\"index, follow, max-snippet:-1, max-image-preview:large, max-video-preview:-1\" \/>\n<link rel=\"canonical\" href=\"https:\/\/cosyart.pt\/?product=ambientador-mikado-aroma-madressilva-colecao-areia\" \/>\n<meta property=\"og:locale\" content=\"pt_PT\" \/>\n<meta property=\"og:type\" content=\"article\" \/>\n<meta property=\"og:title\" content=\"Ambientador Mikado Aroma Madressilva \u2013 Cole\u00e7\u00e3o AREIA - Cosyart Produ\u00e7\u00f5es e personaliza\u00e7\u00f5es, atelier de costura, vestu\u00e1rio, artesanato e boutique.\" \/>\n<meta property=\"og:description\" content=\"O difusor de ambiente Areia \u00e9 apresentado em garrafa de vidro de 100ml ou 200ml e cont\u00e9m cinco hastes de rattan.  Notas olfativas do aroma Madressilva \u2013 Notas de sa\u00edda: Madressilva, G\u00e1lbano e Mel; Notas de corpo: Madressilva, L\u00edrio do vale e Solar; Notas de fundo: Flor de Laranjeira, Jasmim e Baunilha.  Feito em Portugal.  100ml \u2013 DURA\u00c7\u00c3O FRAGR\u00c2NCIA ENTRE 6 A 8 SEMANAS  200ml \u2013 DURA\u00c7\u00c3O FRAGR\u00c2NCIA ENTRE 14 A 16 SEMANAS\" \/>\n<meta property=\"og:url\" content=\"https:\/\/cosyart.pt\/?product=ambientador-mikado-aroma-madressilva-colecao-areia\" \/>\n<meta property=\"og:site_name\" content=\"Cosyart Produ\u00e7\u00f5es e personaliza\u00e7\u00f5es, atelier de costura, vestu\u00e1rio, artesanato e boutique.\" \/>\n<meta property=\"article:publisher\" content=\"https:\/\/www.facebook.com\/cosyartonline\" \/>\n<meta property=\"article:modified_time\" content=\"2026-03-09T21:57:41+00:00\" \/>\n<meta property=\"og:image\" content=\"https:\/\/cosyart.pt\/wp-content\/uploads\/2025\/11\/S-15.jpg\" \/>\n\t<meta property=\"og:image:width\" content=\"1000\" \/>\n\t<meta property=\"og:image:height\" content=\"1565\" \/>\n\t<meta property=\"og:image:type\" content=\"image\/jpeg\" \/>\n<meta name=\"twitter:card\" content=\"summary_large_image\" \/>\n<meta name=\"twitter:label1\" content=\"Tempo estimado de leitura\" \/>\n\t<meta name=\"twitter:data1\" content=\"1 minuto\" \/>\n<script type=\"application\/ld+json\" class=\"yoast-schema-graph\">{\"@context\":\"https:\\\/\\\/schema.org\",\"@graph\":[{\"@type\":\"WebPage\",\"@id\":\"https:\\\/\\\/cosyart.pt\\\/?product=ambientador-mikado-aroma-madressilva-colecao-areia\",\"url\":\"https:\\\/\\\/cosyart.pt\\\/?product=ambientador-mikado-aroma-madressilva-colecao-areia\",\"name\":\"Ambientador Mikado Aroma Madressilva \u2013 Cole\u00e7\u00e3o AREIA - Cosyart Produ\u00e7\u00f5es e personaliza\u00e7\u00f5es, atelier de costura, vestu\u00e1rio, artesanato e boutique.\",\"isPartOf\":{\"@id\":\"https:\\\/\\\/cosyart.pt\\\/#website\"},\"primaryImageOfPage\":{\"@id\":\"https:\\\/\\\/cosyart.pt\\\/?product=ambientador-mikado-aroma-madressilva-colecao-areia#primaryimage\"},\"image\":{\"@id\":\"https:\\\/\\\/cosyart.pt\\\/?product=ambientador-mikado-aroma-madressilva-colecao-areia#primaryimage\"},\"thumbnailUrl\":\"https:\\\/\\\/cosyart.pt\\\/wp-content\\\/uploads\\\/2025\\\/11\\\/S-15.jpg\",\"datePublished\":\"2025-11-17T18:39:14+00:00\",\"dateModified\":\"2026-03-09T21:57:41+00:00\",\"breadcrumb\":{\"@id\":\"https:\\\/\\\/cosyart.pt\\\/?product=ambientador-mikado-aroma-madressilva-colecao-areia#breadcrumb\"},\"inLanguage\":\"pt-PT\",\"potentialAction\":[{\"@type\":\"ReadAction\",\"target\":[\"https:\\\/\\\/cosyart.pt\\\/?product=ambientador-mikado-aroma-madressilva-colecao-areia\"]}]},{\"@type\":\"ImageObject\",\"inLanguage\":\"pt-PT\",\"@id\":\"https:\\\/\\\/cosyart.pt\\\/?product=ambientador-mikado-aroma-madressilva-colecao-areia#primaryimage\",\"url\":\"https:\\\/\\\/cosyart.pt\\\/wp-content\\\/uploads\\\/2025\\\/11\\\/S-15.jpg\",\"contentUrl\":\"https:\\\/\\\/cosyart.pt\\\/wp-content\\\/uploads\\\/2025\\\/11\\\/S-15.jpg\",\"width\":1000,\"height\":1565},{\"@type\":\"BreadcrumbList\",\"@id\":\"https:\\\/\\\/cosyart.pt\\\/?product=ambientador-mikado-aroma-madressilva-colecao-areia#breadcrumb\",\"itemListElement\":[{\"@type\":\"ListItem\",\"position\":1,\"name\":\"In\u00edcio\",\"item\":\"https:\\\/\\\/cosyart.pt\\\/\"},{\"@type\":\"ListItem\",\"position\":2,\"name\":\"Produtos\",\"item\":\"https:\\\/\\\/cosyart.pt\\\/\"},{\"@type\":\"ListItem\",\"position\":3,\"name\":\"Ambientador Mikado Aroma Madressilva \u2013 Cole\u00e7\u00e3o AREIA\"}]},{\"@type\":\"WebSite\",\"@id\":\"https:\\\/\\\/cosyart.pt\\\/#website\",\"url\":\"https:\\\/\\\/cosyart.pt\\\/\",\"name\":\"Cosyart Produ\u00e7\u00f5es e personaliza\u00e7\u00f5es, atelier de costura, vestu\u00e1rio, artesanato e boutique.\",\"description\":\"Tem fabrico pr\u00f3prio de artigos da marca Cosyart no atelier de costura, mais sublima\u00e7\u00e3o, estampagem, grava\u00e7\u00e3o a laser e bordados.\",\"publisher\":{\"@id\":\"https:\\\/\\\/cosyart.pt\\\/#organization\"},\"potentialAction\":[{\"@type\":\"SearchAction\",\"target\":{\"@type\":\"EntryPoint\",\"urlTemplate\":\"https:\\\/\\\/cosyart.pt\\\/?s={search_term_string}\"},\"query-input\":{\"@type\":\"PropertyValueSpecification\",\"valueRequired\":true,\"valueName\":\"search_term_string\"}}],\"inLanguage\":\"pt-PT\"},{\"@type\":\"Organization\",\"@id\":\"https:\\\/\\\/cosyart.pt\\\/#organization\",\"name\":\"Cosyart Produ\u00e7\u00f5es e personaliza\u00e7\u00f5es, atelier de costura, vestu\u00e1rio, artesanato e boutique.\",\"url\":\"https:\\\/\\\/cosyart.pt\\\/\",\"logo\":{\"@type\":\"ImageObject\",\"inLanguage\":\"pt-PT\",\"@id\":\"https:\\\/\\\/cosyart.pt\\\/#\\\/schema\\\/logo\\\/image\\\/\",\"url\":\"https:\\\/\\\/cosyart.pt\\\/wp-content\\\/uploads\\\/2025\\\/12\\\/Cosyart-Logo.png\",\"contentUrl\":\"https:\\\/\\\/cosyart.pt\\\/wp-content\\\/uploads\\\/2025\\\/12\\\/Cosyart-Logo.png\",\"width\":1022,\"height\":372,\"caption\":\"Cosyart Produ\u00e7\u00f5es e personaliza\u00e7\u00f5es, atelier de costura, vestu\u00e1rio, artesanato e boutique.\"},\"image\":{\"@id\":\"https:\\\/\\\/cosyart.pt\\\/#\\\/schema\\\/logo\\\/image\\\/\"},\"sameAs\":[\"https:\\\/\\\/www.facebook.com\\\/cosyartonline\",\"https:\\\/\\\/www.instagram.com\\\/cosyart\\\/\"]}]}<\/script>\n<!-- \/ Yoast SEO plugin. -->","yoast_head_json":{"title":"Ambientador Mikado Aroma Madressilva \u2013 Cole\u00e7\u00e3o AREIA - Cosyart Produ\u00e7\u00f5es e personaliza\u00e7\u00f5es, atelier de costura, vestu\u00e1rio, artesanato e boutique.","robots":{"index":"index","follow":"follow","max-snippet":"max-snippet:-1","max-image-preview":"max-image-preview:large","max-video-preview":"max-video-preview:-1"},"canonical":"https:\/\/cosyart.pt\/?product=ambientador-mikado-aroma-madressilva-colecao-areia","og_locale":"pt_PT","og_type":"article","og_title":"Ambientador Mikado Aroma Madressilva \u2013 Cole\u00e7\u00e3o AREIA - Cosyart Produ\u00e7\u00f5es e personaliza\u00e7\u00f5es, atelier de costura, vestu\u00e1rio, artesanato e boutique.","og_description":"O difusor de ambiente Areia \u00e9 apresentado em garrafa de vidro de 100ml ou 200ml e cont\u00e9m cinco hastes de rattan.  Notas olfativas do aroma Madressilva \u2013 Notas de sa\u00edda: Madressilva, G\u00e1lbano e Mel; Notas de corpo: Madressilva, L\u00edrio do vale e Solar; Notas de fundo: Flor de Laranjeira, Jasmim e Baunilha.  Feito em Portugal.  100ml \u2013 DURA\u00c7\u00c3O FRAGR\u00c2NCIA ENTRE 6 A 8 SEMANAS  200ml \u2013 DURA\u00c7\u00c3O FRAGR\u00c2NCIA ENTRE 14 A 16 SEMANAS","og_url":"https:\/\/cosyart.pt\/?product=ambientador-mikado-aroma-madressilva-colecao-areia","og_site_name":"Cosyart Produ\u00e7\u00f5es e personaliza\u00e7\u00f5es, atelier de costura, vestu\u00e1rio, artesanato e boutique.","article_publisher":"https:\/\/www.facebook.com\/cosyartonline","article_modified_time":"2026-03-09T21:57:41+00:00","og_image":[{"width":1000,"height":1565,"url":"https:\/\/cosyart.pt\/wp-content\/uploads\/2025\/11\/S-15.jpg","type":"image\/jpeg"}],"twitter_card":"summary_large_image","twitter_misc":{"Tempo estimado de leitura":"1 minuto"},"schema":{"@context":"https:\/\/schema.org","@graph":[{"@type":"WebPage","@id":"https:\/\/cosyart.pt\/?product=ambientador-mikado-aroma-madressilva-colecao-areia","url":"https:\/\/cosyart.pt\/?product=ambientador-mikado-aroma-madressilva-colecao-areia","name":"Ambientador Mikado Aroma Madressilva \u2013 Cole\u00e7\u00e3o AREIA - Cosyart Produ\u00e7\u00f5es e personaliza\u00e7\u00f5es, atelier de costura, vestu\u00e1rio, artesanato e boutique.","isPartOf":{"@id":"https:\/\/cosyart.pt\/#website"},"primaryImageOfPage":{"@id":"https:\/\/cosyart.pt\/?product=ambientador-mikado-aroma-madressilva-colecao-areia#primaryimage"},"image":{"@id":"https:\/\/cosyart.pt\/?product=ambientador-mikado-aroma-madressilva-colecao-areia#primaryimage"},"thumbnailUrl":"https:\/\/cosyart.pt\/wp-content\/uploads\/2025\/11\/S-15.jpg","datePublished":"2025-11-17T18:39:14+00:00","dateModified":"2026-03-09T21:57:41+00:00","breadcrumb":{"@id":"https:\/\/cosyart.pt\/?product=ambientador-mikado-aroma-madressilva-colecao-areia#breadcrumb"},"inLanguage":"pt-PT","potentialAction":[{"@type":"ReadAction","target":["https:\/\/cosyart.pt\/?product=ambientador-mikado-aroma-madressilva-colecao-areia"]}]},{"@type":"ImageObject","inLanguage":"pt-PT","@id":"https:\/\/cosyart.pt\/?product=ambientador-mikado-aroma-madressilva-colecao-areia#primaryimage","url":"https:\/\/cosyart.pt\/wp-content\/uploads\/2025\/11\/S-15.jpg","contentUrl":"https:\/\/cosyart.pt\/wp-content\/uploads\/2025\/11\/S-15.jpg","width":1000,"height":1565},{"@type":"BreadcrumbList","@id":"https:\/\/cosyart.pt\/?product=ambientador-mikado-aroma-madressilva-colecao-areia#breadcrumb","itemListElement":[{"@type":"ListItem","position":1,"name":"In\u00edcio","item":"https:\/\/cosyart.pt\/"},{"@type":"ListItem","position":2,"name":"Produtos","item":"https:\/\/cosyart.pt\/"},{"@type":"ListItem","position":3,"name":"Ambientador Mikado Aroma Madressilva \u2013 Cole\u00e7\u00e3o AREIA"}]},{"@type":"WebSite","@id":"https:\/\/cosyart.pt\/#website","url":"https:\/\/cosyart.pt\/","name":"Cosyart Produ\u00e7\u00f5es e personaliza\u00e7\u00f5es, atelier de costura, vestu\u00e1rio, artesanato e boutique.","description":"Tem fabrico pr\u00f3prio de artigos da marca Cosyart no atelier de costura, mais sublima\u00e7\u00e3o, estampagem, grava\u00e7\u00e3o a laser e bordados.","publisher":{"@id":"https:\/\/cosyart.pt\/#organization"},"potentialAction":[{"@type":"SearchAction","target":{"@type":"EntryPoint","urlTemplate":"https:\/\/cosyart.pt\/?s={search_term_string}"},"query-input":{"@type":"PropertyValueSpecification","valueRequired":true,"valueName":"search_term_string"}}],"inLanguage":"pt-PT"},{"@type":"Organization","@id":"https:\/\/cosyart.pt\/#organization","name":"Cosyart Produ\u00e7\u00f5es e personaliza\u00e7\u00f5es, atelier de costura, vestu\u00e1rio, artesanato e boutique.","url":"https:\/\/cosyart.pt\/","logo":{"@type":"ImageObject","inLanguage":"pt-PT","@id":"https:\/\/cosyart.pt\/#\/schema\/logo\/image\/","url":"https:\/\/cosyart.pt\/wp-content\/uploads\/2025\/12\/Cosyart-Logo.png","contentUrl":"https:\/\/cosyart.pt\/wp-content\/uploads\/2025\/12\/Cosyart-Logo.png","width":1022,"height":372,"caption":"Cosyart Produ\u00e7\u00f5es e personaliza\u00e7\u00f5es, atelier de costura, vestu\u00e1rio, artesanato e boutique."},"image":{"@id":"https:\/\/cosyart.pt\/#\/schema\/logo\/image\/"},"sameAs":["https:\/\/www.facebook.com\/cosyartonline","https:\/\/www.instagram.com\/cosyart\/"]}]}},"_links":{"self":[{"href":"https:\/\/cosyart.pt\/index.php?rest_route=\/wp\/v2\/product\/6613","targetHints":{"allow":["GET"]}}],"collection":[{"href":"https:\/\/cosyart.pt\/index.php?rest_route=\/wp\/v2\/product"}],"about":[{"href":"https:\/\/cosyart.pt\/index.php?rest_route=\/wp\/v2\/types\/product"}],"replies":[{"embeddable":true,"href":"https:\/\/cosyart.pt\/index.php?rest_route=%2Fwp%2Fv2%2Fcomments&post=6613"}],"wp:featuredmedia":[{"embeddable":true,"href":"https:\/\/cosyart.pt\/index.php?rest_route=\/wp\/v2\/media\/6618"}],"wp:attachment":[{"href":"https:\/\/cosyart.pt\/index.php?rest_route=%2Fwp%2Fv2%2Fmedia&parent=6613"}],"wp:term":[{"taxonomy":"product_brand","embeddable":true,"href":"https:\/\/cosyart.pt\/index.php?rest_route=%2Fwp%2Fv2%2Fproduct_brand&post=6613"},{"taxonomy":"product_cat","embeddable":true,"href":"https:\/\/cosyart.pt\/index.php?rest_route=%2Fwp%2Fv2%2Fproduct_cat&post=6613"},{"taxonomy":"product_tag","embeddable":true,"href":"https:\/\/cosyart.pt\/index.php?rest_route=%2Fwp%2Fv2%2Fproduct_tag&post=6613"}],"curies":[{"name":"wp","href":"https:\/\/api.w.org\/{rel}","templated":true}]}}